site?
False
Let a = 533 - 299. Let f = -95 + a. Is f a composite number?
False
Let o = -23 - -24. Let l(d) = 11*d**2 + 11*d + 13. Let f be l(-11). Suppose o = q, -q - f = 3*n - 3351. Is n a composite number?
False
Suppose -5*v = 5*l - 50, -3*l + 8 = -l. Let g(w) = 3*w**3 + 5*w + 1. Is g(v) a prime number?
False
Let v(y) = -y**3 - 7*y**2 + y + 4. Let i be v(-7). Is (-854)/(i - -5 - 4) a composite number?
True
Let n be 6/16 + (-20550)/16. Is (n/(-8))/(-3)*-4 composite?
True
Suppose -2*p + 3*p - 7 = 0. Is (-948 - p)*(-2)/10 prime?
True
Let p(z) be the second derivative of -z**4/12 + z**3 + 3*z. Let y be p(5). Suppose t - 272 = -3*o + 89, -1853 = -y*t - 3*o. Is t prime?
True
Suppose 8706 = 10*k - 1204. Is k a composite number?
False
Let v(w) = w - 1. Let c(j) = -352*j - 21. Let a(y) = 235*y + 14. Let i(u) = -8*a(u) - 5*c(u). Let k(o) = i(o) + 6*v(o). Is k(-5) a composite number?
False
Suppose -5*q = -3*q - 16. Suppose q*y - 1256 = -0*y. Is y a composite number?
False
Let q(j) be the third derivative of 5/6*j**3 + 1/60*j**6 + 1/12*j**4 + 0 - 2/15*j**5 + 0*j + j**2. Is q(5) prime?
False
Let b(u) = 3 + 0 + 9*u - 2 - 4. Suppose 3*n + 15 = 0, -9 + 42 = 3*w - 3*n. Is b(w) prime?
False
Let s = -1 - 5. Let p be s*((-9)/6 - -1). Is p/(-2)*(-2086)/21 composite?
False
Let j = -39 + 39. Suppose j = 21*k - 22*k + 791. Is k a prime number?
False
Let y = 0 - 15. Let w = y + 29. Suppose 0 = 5*u - 641 - w. Is u a prime number?
True
Suppose -4*q + 542950 = -2*z, 4*q - 542953 = 5*z - 0*z. Is q a composite number?
True
Let i = 13 - 43. Let t = i + 20. Let n = 137 + t. Is n composite?
False
Suppose -5*n + 34 = 3*d, -d + 4*d = -4*n + 29. Suppose y = 4, u + 3 = -y - d. Let l = 9 - u. Is l composite?
False
Let f(q) = 2*q - 4. Let r be f(4). Let g(u) = u**3 + 7*u**2 + 5*u - 4. Let w be g(-6). Suppose -a = -6*a - 2*c + 167, -130 = -r*a + w*c. Is a composite?
True
Is (-316578)/(-14) - 18/(-63) composite?
False
Is (-3217710)/(-270) + (-12)/27 composite?
True
Suppose -4*m = 3*l - 4, 5*l + 2*m = 7*m + 30. Suppose -l*v + 45313 = 18573. Suppose d + 6*d = v. Is d a prime number?
False
Let y = 5 - 3. Suppose 0*c + y*c + 2 = 4*t, -5*t = -4*c - 4. Is -2 + 3*(-23)/c a prime number?
True
Let i be (1630/6)/((-16)/(-48)). Let u = 1692 - i. Is u a prime number?
True
Let h = 6666 - -7. Is h prime?
True
Let v(c) = 6*c - 5. Let z be v(23). Let y = -86 + z. Is y composite?
False
Let k(w) = 3*w**2 + 3*w - 1. Let b = 45 - 42. Is k(b) prime?
False
Suppose -5*w - 44 = -3*b, 2*w + 144 = 5*b + 58. Suppose 0 = j + 3*l + b, 0 = 2*j - 7*l + 3*l - 4. Is (j/(-9))/((-8)/(-3108)) prime?
False
Let t(x) = x**3 - 4*x**2 + 10. Let u be t(5). Let d = u - 35. Is 56 + (-1 - (-3 + d)) a composite number?
True
Let s(i) = -190*i - 307. Is s(-48) a composite number?
True
Suppose -i = r + 4*r - 6, 0 = 3*r + 5*i + 14. Is 35 - (2 + r - 0) composite?
False
Suppose 4*r = 22 + 18. Suppose 0 = z + z - r. Suppose z*m = -4*i + 947, 5*m - 2*i - 768 = m. Is m a composite number?
False
Let j = -5421 + 10744. Is j composite?
False
Suppose 3*n - 19008 = -3*f - 0*f, n = -4*f + 6333. Is n a prime number?
True
Let x = 149 + -217. Let q = 12 + x. Let v = q + 109. Is v a composite number?
False
Let k = 12182 + -2281. Is k a prime number?
True
Let l = -77 + 108. Suppose -4*b - l = -5*b. Is b prime?
True
Let u(s) = 12*s**2 - 7*s. Let a be u(8). Suppose g - a = -7*g. Is g a composite number?
False
Let o = -28 - -169. Let p be 340/(-30)*o/(-2). Suppose 2*m = 511 + p. Is m composite?
True
Let n(k) be the first derivative of -k**4/4 + k**3/3 + k**2/2 - 2*k + 8. Let u be n(2). Is (-5)/(20/(-364)) + u composite?
True
Is ((-156879)/(-18))/((-9)/(-126)) a composite number?
True
Let k(v) = -2305*v - 301. Is k(-3) a prime number?
False
Is ((-8)/1 - -6)*7522/(-4) prime?
True
Let y(a) = -a**3 - 7*a**2 - 4*a + 7. Let u be y(-8). Suppose -n + u = 5*b - b, 5*n - 2*b = 603. Is n prime?
False
Suppose -15*r + 0*r = -3*r. Suppose 10*j - 4*o - 1492 = 6*j, -j - 3*o + 389 = r. Is j a prime number?
False
Suppose -2*z - 3*n = -295249, 0*z - 5*n + 442874 = 3*z. Is z prime?
False
Let s(u) = -3*u**3 + 8*u**2 - 7*u + 13. Let n(y) = -2*y**3 + 7*y**2 - 8*y + 13. Let a(c) = 5*n(c) - 4*s(c). Is a(6) composite?
True
Is ((-2)/(4/(-47)))/((-5)/(-470)) composite?
True
Is 1925/15 + 2 + (-10)/(-15) composite?
False
Suppose 2*v = 8 + 4. Let k(j) = 0*j**2 + 0*j**3 - 5 - 3*j + 5*j**2 + j**3. Is k(v) a composite number?
False
Suppose 5*v + 3046 = 12161. Suppose 3*h - 2*h = -5*c + v, -1085 = -3*c - 5*h. Is c a composite number?
True
Let s be 17 - (-4)/((-1)/1). Let b = s - 31. Let t = 32 + b. Is t a composite number?
True
Let w(m) = -m**3 + 28*m**2 - 19*m - 55. Is w(23) composite?
False
Let w(y) = y**2 - 8*y - 55. Is w(24) a composite number?
True
Let f be (-12)/(-4 - 10/(-4)). Let j = f + -6. Let b(k) = 2*k**3 + 3*k**2 - 2*k - 1. Is b(j) composite?
False
Let a(i) = 2*i**3 - 15*i**2 - 8*i - 11. Let t be a(8). Is t/33*3*-587 composite?
False
Let w(p) = 230*p**2 + p + 31. Is w(-4) a prime number?
False
Let j(r) = 52*r - 7 - 33*r - 33*r. Is j(-6) a prime number?
False
Suppose 7*b - 36 - 97 = 0. Suppose -2*i - c = -0*c - 2, -5*i + c = -b. Suppose 2*n + i*n = 1955. Is n composite?
True
Is (-10)/((-120)/(-18)) + 73191/6 a prime number?
True
Let s(n) = -50*n**2 - 13*n - 19. Let x be s(-8). Is (-1)/(-4 + (-12455)/x) a prime number?
False
Suppose 4*v = 9*v - 3465. Suppose 4*w - 21 = -1. Suppose r + 701 = 5*h, w*h = 2*r + r + v. Is h a composite number?
True
Let n = -234 + 606. Let y = 1013 - n. Is y prime?
True
Suppose 2 = 2*r + 3*n, 5*r + 5*n - 1 - 9 = 0. Let j(w) = 80*w + 17. Is j(r) a composite number?
False
Suppose 7*y - 9*y = -s + 2161, -5*s + 10799 = -4*y. Is s a composite number?
True
Is (2 - 6/4)/(9/2286) composite?
False
Suppose -5257 - 16916 = -3*w - 4*p, 5*w = -p + 36938. Let g = 11208 - w. Is g a prime number?
True
Suppose -44 = -2*o - 2*o. Suppose 4*p - o = 5. Suppose -u + 230 = p*u. Is u composite?
True
Let h = 19 - 12. Suppose -3*u - 8 = -h*u. Suppose u*n = 5*x + 1003, -n - 4*x + 2*x = -497. Is n a prime number?
True
Is 27 - (18/6 - -2) prime?
False
Let s(y) = 2*y**2 + 6*y - 123. Is s(29) a prime number?
True
Suppose 0 = -v + 5*d - 7, -5*v - 2*d = -4*d - 57. Let s(x) = 5 + v - 21 + 9*x + 2*x**2. Is s(-8) prime?
True
Let y = -6331 + 4083. Is (-3)/(6/y*2) a prime number?
False
Suppose 0 = 5*f - 3*f. Let n(i) = i**2 + i + 3. Let u be n(f). Suppose u*y = 220 + 341. Is y a composite number?
True
Let j = -35127 - -53326. Is j prime?
True
Let o(x) = -296*x**2 - x. Let j be o(1). Suppose -7*t + 4*n = -4*t - 2922, 0 = -2*t - 4*n + 1948. Let z = t + j. Is z prime?
True
Suppose -h + 0 + 2 = 0. Let m(y) = 535*y - 45. Let q be m(4). Suppose h*r - q = -3*v - 0*r, v + 2*r - 697 = 0. Is v a prime number?
False
Suppose 19 = 3*y + 13. Suppose -5*n = -o + 198, -3*n - y*n = -4*o + 867. Is o prime?
True
Suppose -57978 = -377*b + 359*b. Is b a composite number?
False
Let h(d) = -d**2 - 5*d + 6. Let s be h(-5). Let w be 3/((-2)/2456*-4). Suppose w = -s*r + 3483. Is r composite?
True
Let c = 17510 + -6321. Is c a prime number?
False
Let c(o) = 2440*o + 1289. Is c(9) prime?
False
Suppose -4*t - 2 = p + 42, -p = -3*t + 9. Let h = -15 - p. Is (-285)/(-12) - h/12 prime?
True
Suppose 65 = 5*a + 55. Let z be 4/8 + (-2)/4. Suppose z = l + 3*q - 868, 1696 = a*l - 3*q + q. Is l a composite number?
False
Suppose 2*j - 3*i - 12399 = -0*j, 4*i = 3*j - 18599. Suppose 6*k + 3*k = j. Is k a composite number?
True
Suppose 0*l = -l - 3*f - 3, 4*l - 10 = -f. Let p(n) = -6*n + 29. Let k be p(4). Suppose l*a - 2*t - 65 = 0, -3*t + t = k*a - 87. Is a prime?
True
Let g be ((-1 - 1) + 2)/2. Let j(h) be the second derivative of h**3/6 + 145*h**2/2 + 8*h. Is j(g) composite?
True
Suppose -o - v - 1 = 4, 0 = 3*v + 15. Suppose o = -7*s + 2*s + 410. Suppose -t + 5 = -s. Is t a prime number?
False
Let x(j) = 6*j**2 - 118*j + 159. Is x(58) prime?
True
Let t(b) = 906*b**3 - 5*b**2 + 9*b - 9. Is t(2) composite?
False
Suppose -l + 150 = 708. Suppose m + 392 = -5*r, 0 = 4*m + 3*r - r + 1586. Let a = m - l. Is a composite?
True
Let k(t) = 2*t**2 - t - 20. Let c be k(10). Is 162044/c - ((-8)/10 + 1) a composite number?
False
Let w(r) be the first derivative of -3*r**4 + 5*r**3/6 - 9*r**2/2 - 4. Let m(x) be the second derivativ